What is the ten millions digit of 195468121?
9
What is the ten millions digit of 136517070?
3
What is the millions digit of 1342657962?
2
What is the thousands digit of 231302298?
2
What is the tens digit of 875165649?
4
What is the units digit of 1180912512?
2
What is the thousands digit of 328937114?
7
What is the hundred thousands digit of 187736112?
7
What is the ten millions digit of 1325161149?
2
What is the tens digit of 68109123?
2
What is the thousands digit of 17434260?
4
What is the hundred millions digit of 925745226?
9
What is the millions digit of 667141524?
7
What is the hundred thousands digit of 142361182?
3
What is the hundred thousands digit of 3877479712?
4
What is the ten thousands digit of 805293088?
9
What is the thousands digit of 1823925131?
5
What is the hundred thousands digit of 39100274?
1
What is the ten millions digit of 2760578329?
6
What is the hundred thousands digit of 44602132?
6
What is the hundred thousands digit of 4584668934?
6
What is the ten millions digit of 42493074?
4
What is the ten millions digit of 410665123?
1
What is the units digit of 13491123?
3
What is the hundred thousands digit of 609502217?
5
What is the hundred thousands digit of 53989233?
9
What is the ten millions digit of 219194150?
1
What is the tens digit of 84615089?
8
What is the ten thousands digit of 1354820696?
2
What is the hundred thousands digit of 84290397?
2
What is the ten millions digit of 60157837?
6
What is the units digit of 20922312?
2
What is the units digit of 211492898?
8
What is the millions digit of 263020010?
3
What is the billions digit of 5204494373?
5
What is the hundreds digit of 476526367?
3
What is the ten thousands digit of 257796218?
9
What is the hundreds digit of 1295454286?
2
What is the tens digit of 1891297911?
1
What is the units digit of 543256579?
9
What is the units digit of 418483005?
5
What is the hundreds digit of 129248465?
4
What is the thousands digit of 13650916?
0
What is the thousands digit of 51337308?
7
What is the units digit of 2190114?
4
What is the thousands digit of 99721637?
1
What is the hundreds digit of 6598851119?
1
What is the hundred thousands digit of 5114044?
1
What is the hundreds digit of 7476991?
9
What is the ten millions digit of 3705141969?
0
What is the ten thousands digit of 428717624?
1
What is the hundred millions digit of 160350812?
1
What is the billions digit of 2862837271?
2
What is the tens digit of 4646706205?
0
What is the tens digit of 659772682?
8
What is the millions digit of 33705093?
3
What is the hundred millions digit of 2366737710?
3
What is the hundreds digit of 1300306946?
9
What is the hundred thousands digit of 3952559372?
5
What is the ten millions digit of 38757690?
3
What is the ten thousands digit of 38325343?
2
What is the billions digit of 7194898489?
7
What is the hundred millions digit of 1546596556?
5
What is the ten millions digit of 314607427?
1
What is the ten thousands digit of 39589555?
8
What is the ten thousands digit of 8182710?
8
What is the ten thousands digit of 70572161?
7
What is the hundreds digit of 266875362?
3
What is the hundreds digit of 189948452?
4
What is the hundred thousands digit of 3156822951?
8
What is the hundred millions digit of 136521385?
1
What is the ten millions digit of 792336526?
9
What is the ten millions digit of 1877221563?
7
What is the ten millions digit of 57725304?
5
What is the units digit of 7373010?
0
What is the ten millions digit of 127273472?
2
What is the thousands digit of 5016883?
6
What is the millions digit of 1925380744?
5
What is the hundred thousands digit of 112787870?
7
What is the hundreds digit of 764473833?
8
What is the hundreds digit of 1220581288?
2
What is the thousands digit of 1572811895?
1
What is the ten millions digit of 286288699?
8
What is the ten thousands digit of 45574748?
7
What is the units digit of 216633971?
1
What is the millions digit of 317381320?
7
What is the hundred thousands digit of 45753138?
7
What is the hundred thousands digit of 351573144?
5
What is the tens digit of 102536641?
4
What is the units digit of 212607446?
6
What is the units digit of 789407593?
3
What is the hundred thousands digit of 28764729?
7
What is the hundred millions digit of 952474352?
9
What is the hundred thousands digit of 824860028?
8
What is the hundred thousands digit of 2490779?
4
What is the hundred thousands digit of 52475436?
4
What is the hundreds digit of 106249592?
5
What is the hundred thousands digit of 96271954?
2
What is the hundred thousands digit of 726853947?
8
What is the hundred millions digit of 743161503?
7
What is the hundred thousands digit of 171050542?
0
What is the millions digit of 2561456121?
1
What is the units digit of 26790473?
3
What is the ten thousands digit of 3256744108?
4
What is the tens digit of 144838908?
0
What is the tens digit of 5079637391?
9
What is the hundreds digit of 6567511672?
6
What is the tens digit of 2354023445?
4
What is the ten thousands digit of 507463983?
6
What is the hundreds digit of 3985554398?
3
What is the tens digit of 46273615?
1
What is the tens digit of 8580633?
3
What is the thousands digit of 765879649?
9
What is the hundred thousands digit of 79915941?
9
What is the hundred thousands digit of 3943240039?
2
What is the tens digit of 123319329?
2
What is the hundreds digit of 1959262764?
7
What is the ten thousands digit of 1540815321?
1
What is the thousands digit of 8462095?
2
What is the ten millions digit of 5468205091?
6
What is the hundred millions digit of 662545122?
6
What is the ten thousands digit of 14180362?
8
What is the units digit of 126973102?
2
What is the hundreds digit of 1097681717?
7
What is the millions digit of 27031754?
7
What is the units digit of 71817253?
3
What is the millions digit of 294162311?
4
What is the hundred thousands digit of 89464953?
4
What is the hundreds digit of 2567453601?
6
What is the thousands digit of 966566224?
6
What is the ten thousands digit of 504324675?
2
What is the units digit of 27605722?
2
What is the units digit of 4238360944?
4
What is the ten millions digit of 1298530573?
9
What is the thousands digit of 120161093?
1
What is the millions digit of 100667584?
0
What is the billions digit of 2087553787?
2
What is the hundreds digit of 115308981?
9
What is the thousands digit of 555617334?
7
What is the millions digit of 25013126?
5
What is the tens digit of 46928449?
4
What is the ten thousands digit of 2207046840?
4
What is the hundreds digit of 9459?
4
What is the thousands digit of 1632454?
2
What is the thousands digit of 178913557?
3
What is the millions digit of 914855970?
4
What is the ten millions digit of 650155776?
5
What is the hundreds digit of 339710787?
7
What is the hundred thousands digit of 124160640?
1
What is the tens digit of 103789251?
5
What is the units digit of 338467155?
5
What is the units digit of 1109146872?
2
What is the hundreds digit of 7290953331?
3
What is the tens digit of 36057673?
7
What is the hundreds digit of 2186119698?
6
What is the millions digit of 53358869?
3
What is the thousands digit of 5111276943?
6
What is the hundred thousands digit of 332554824?
5
What is the ten thousands digit of 86759228?
5
What is the millions digit of 78907305?
8
What is the ten millions digit of 454070046?
5
What is the thousands digit of 8097306261?
6
What is the millions digit of 50128165?
0
What is the thousands digit of 47912367?
2
What is the thousands digit of 6631015?
1
What is the ten thousands digit of 232845622?
4
What is the thousands digit of 395966095?
6
What is the ten thousands digit of 547337990?
3
What is the hundred millions digit of 1800671114?
8
What is the hundreds digit of 205055768?
7
What is the billions digit of 4973028760?
4
What is the tens digit of 514567286?
8
What is the ten millions digit of 178178337?
7
What is the hundred thousands digit of 32118501?
1
What is the tens digit of 1445609263?
6
What is the units digit of 706785548?
8
What is the ten millions digit of 37286387?
3
What is the units digit of 9592521?
1
What is the ten thousands digit of 28157868?
5
What is the thousands digit of 411682329?
2
What is the ten millions digit of 101458589?
0
What is the ten thousands digit of